inder when 45 is divided by y.
9
Let h be (-24)/8 - (2 + -7). Calculate the remainder when 221 is divided by 4/6 - (h - 417/9).
41
Suppose 1227 = 5*d + 21*d + 187. Calculate the remainder when 794 is divided by d.
34
Let m(r) = 3096*r + 111. Let c be m(-3). What is the remainder when 2/4 + c/(-14) + -3 is divided by 16?
13
Suppose 0 = 4*r - 5*q + 67 - 100, 2*q = 13*r - 36. Let h = 37 + -10. Calculate the remainder when h is divided by r.
1
Let b = -144 + 247. Suppose 90 = -r + 21. Let t = r - -99. What is the remainder when b is divided by t?
13
Suppose 19 = 24*x - 101. Suppose -2*u = 3*h - x - 148, -363 = -5*u - h. What is the remainder when u is divided by 31?
10
Let o = 68346 + -46663. Calculate the remainder when o is divided by 78.
77
Suppose 0 = 5*b - 2*t + 19, 3 = 2*b + 4*t + 1. What is the remainder when 25 is divided by b/((-56)/130 + 3/15)?
12
Let c(u) = u**2 + 9*u - 19. Let o be c(-11). Suppose -2*d - o*h + 21 = 0, 2*d - 5*h + 2 = -1. What is the remainder when 2/d - 4*(-177)/9 is divided by 10?
9
Suppose -40*x + 11438 = 2278. Suppose -4*r - 5*a + 109 = -7, 2*r - 58 = a. What is the remainder when x is divided by r?
26
Suppose -53*o - 194*o = -68419. Calculate the remainder when o is divided by 261.
16
What is the remainder when ((-5350)/(-35))/((-215)/(-1806)) is divided by 9?
6
Let n = 10958 - 9172. Calculate the remainder when n is divided by 32.
26
Let o(b) = -64*b + 525. What is the remainder when o(-11) is divided by 607?
15
Let h(z) = -872*z + 7898. Suppose 5*c - 67 - 3 = 0. Calculate the remainder when h(9) is divided by c.
8
Let w(o) = o**3 - 16*o**2 - 7*o + 202. Let t be w(16). Let r = t + -71. What is the remainder when r is divided by 5?
4
Let t be ((-170)/(-10))/((-4)/(-224)). Suppose -3*l = -11*l + t. What is the remainder when l is divided by 30?
29
Let h(j) = -7*j + 471. What is the remainder when h(30) is divided by 232?
29
What is the remainder when (-21)/49 - (4 + (-388600)/70) is divided by 111?
108
Let x(k) = 14*k**2 + 62*k + 222. Let a(u) = 5*u**2 + 21*u + 74. Let j(l) = -8*a(l) + 3*x(l). What is the remainder when j(-7) is divided by 6?
4
Let q(b) = b**3 - 6*b**2 - 11*b + 34. Let n be q(8). Calculate the remainder when -9 + 11 + (n - -2) is divided by 28.
22
Let w = -20077 + 21313. What is the remainder when w is divided by 308?
4
Let x = 566 + -1433. Let w be 2/3 + 5/(-3). Calculate the remainder when (x/(-68))/(w/(-4)) is divided by 18.
15
Let a(t) = 26*t - 104. Let w be a(17). Suppose 19*z = 32*z - w. What is the remainder when 31 is divided by z?
5
Let r(w) = 3*w**2 + 77*w + 360. Calculate the remainder when 2296 is divided by r(-6).
4
Let a = -202 - -206. Suppose n + a*n - 1005 = -5*f, -f + 1005 = 5*n. What is the remainder when n is divided by 34?
31
Suppose 4*r = -m + 21, 4*r = 2*r + 4*m - 12. Let t(p) = 13*p + 5. Let n(w) = 440*w + 18060. Calculate the remainder when t(r) is divided by n(-41).
17
Suppose -66*q - 1352 + 2128 + 3316 = 0. What is the remainder when 27463 is divided by q?
59
Suppose 166*b - 55*b - 1110 = 0. Calculate the remainder when 757 is divided by b.
7
Suppose -5864 = -133*j + 6490 + 2143. What is the remainder when 310 is divided by j?
92
Suppose d + w = 2151, -d + 3123 = -w + 968. Calculate the remainder when d is divided by 54.
47
Let i(b) = b**3 + 51*b**2 + 63*b - 35. Let w be i(-50). Let r = -656 - w. What is the remainder when 48 is divided by r?
19
Let v = 37 - -4326. What is the remainder when v is divided by 91?
86
Let d = 97 + -1. Let z = 122 - d. Let j = 32 - z. Calculate the remainder when 19 is divided by j.
1
Suppose -8*z + 8600 = 1864. What is the remainder when z is divided by 146?
112
Let x(b) = -2*b + 45. Let g = -2 + 2. Let i = 228 - 205. Calculate the remainder when x(g) is divided by i.
22
Suppose -8 = -4*f - 0*f. What is the remainder when (6/(-5) + f)/(6/285) is divided by 8/(-6)*(-90)/12?
8
Let m(s) = -s**3 - 43*s**2 - 48*s - 45. What is the remainder when m(-42) is divided by ((-2)/(-1 - -3))/(4/(-76))?
17
Suppose 4*j - 5*u - 72 = 0, -2*j + 62 = -u + 5*u. Let o = 34189 + -34106. Calculate the remainder when o is divided by j.
14
Let s = -1910 - -1949. Calculate the remainder when 362 is divided by s.
11
Suppose -8*i - 4*i + 1647 = -3*i. Calculate the remainder when 261 is divided by i.
78
Let q = -113 + 137. Suppose -q*a - 245 = -29*a. Calculate the remainder when a is divided by 20.
9
Let k(c) = c**3 + 22*c**2 - 30*c - 61. What is the remainder when k(-23) is divided by 38?
24
Suppose -337*n - 102*n = -103165. Calculate the remainder when n is divided by 6.
1
Let n(y) = 60*y**2 - y**3 - 55*y**2 - 1 + 16*y + 6 + 17*y. Calculate the remainder when 228 is divided by n(8).
74
Let z(h) = h**2 - 4*h + 5. Let r(f) = f**3 + 19*f**2 + 15*f - 5. Let v be r(-18). Suppose -54*m = -v*m - 10. Calculate the remainder when z(4) is divided by m.
1
Let o(p) = p**3 - 9*p**2 + 8*p. Let c be o(8). Suppose c = a - 6 + 4, 5*a - 316 = -3*z. Calculate the remainder when z is divided by 13.
11
Let u = -63 + 65. Suppose 1 = -u*n + s + 6, 2*n = -2*s + 14. Suppose 0 = 2*m + n*r - 108, -2*m + 3*r + 96 = r. Calculate the remainder when m is divided by 26.
24
Suppose 1486 + 717 = 44*m + 707. What is the remainder when 339 is divided by m?
33
Let y(a) = 20*a**2 - 2*a - 1. Let m be y(-1). Suppose 363 = m*s + 69. What is the remainder when 124 is divided by s?
12
Let q = -24 + 37. Let m = 22 - 1. Let z = m + -13. Calculate the remainder when q is divided by z.
5
Let k(m) = -m**2 + m + 15. Let x be k(0). Let z = x + -9. Suppose 2*i + 4*j = 28, -5*i + 48 = -6*j + 5*j. Calculate the remainder when i is divided by z.
4
Suppose -2*m = -4*n + 3414, 0 = -n + 2*m + 207 + 657. Calculate the remainder when n is divided by 173.
158
Suppose 3*b = 4*q + 91 + 104, -4*b + 260 = q. Calculate the remainder when 382 is divided by b.
57
Suppose -1219*o = -1237*o + 378. What is the remainder when 901 is divided by o?
19
Suppose -535*q = -565*q + 18060. What is the remainder when 1226 is divided by q?
22
Let b = 5294 + -5077. What is the remainder when b is divided by 30?
7
Suppose -4*d + 0*d + 220 = -4*w, -4*d + 2*w = -218. Let v(s) = 162*s + 181. Calculate the remainder when d is divided by v(-1).
16
Let w(z) = -z + 20. Let i(v) = 2*v - 21. Let f(q) = 6*i(q) + 5*w(q). Calculate the remainder when 59 is divided by f(5).
5
Suppose 50 = 2*c - 30. Let h = c - 25. What is the remainder when 86 is divided by (-87)/(-2)*((-40)/h)/(-4)?
28
Let f(s) = 11*s**3 + 2*s**2 - 1. Let h be f(1). What is the remainder when 234 is divided by ((-27)/(243/h))/(2/(-87))?
2
Suppose -2*v + 5*g = -33345, -5*v + 4*g + 46208 = -37112. What is the remainder when (2/4)/(17/v) is divided by 99?
94
Calculate the remainder when 866 is divided by 246*(14 + -17)/(-6).
5
Let p(l) = -l**3 + 27*l**2 + 7*l - 87. Let n be p(27). What is the remainder when 253 is divided by (-94)/(-141)*n/4?
15
Suppose 28*z - 33*z + 100 = 0. Calculate the remainder when 1538 is divided by z.
18
Let h(n) be the second derivative of -n**5/20 - 3*n**4/4 - 17*n**3/6 - 6*n**2 + 5*n + 9. Calculate the remainder when h(-7) is divided by 2.
1
Let s(m) = 4*m**2 + 8*m - 17. Let n be s(-7). Suppose -451 = -2*y + n. Calculate the remainder when y is divided by 48.
47
Suppose 13*p - 3500 = 3*p. Suppose 0 = 3*s - 19 - p. Let j = s - 82. What is the remainder when 161 is divided by j?
38
Let d(r) = r**3 - 3*r**2 - 2*r - 6. Let z be d(4). Suppose 0 = 13*k - 16*k + 5*f + 1407, z*k + 4*f = 938. Calculate the remainder when k is divided by 47.
46
Suppose 2*u + 9*p - 11*p = 18, -2*u + 18 = -5*p. Let s = 58 + -25. What is the remainder when s is divided by u?
6
Let c(d) = -d**3 - 4*d**2 - 26*d + 105. What is the remainder when 1606 is divided by c(-12)?
37
Let y(a) = a**2 + 5*a - 10. Let v be y(-7). Suppose -v*w + 3*s = -56 - 31, -2*w + 57 = 3*s. Let f = w - -53. Calculate the remainder when f is divided by 21.
14
Suppose 0*d = -u - 3*d + 18, 0 = 4*u - 3*d - 57. What is the remainder when (94 - 95)*(-25 - (-1 + 1)) is divided by u?
10
Let l(i) = 24*i + 24. Calculate the remainder when l(3) is divided by 19.
1
Let q(l) be the third derivative of -3*l**4/8 - 36*l**3 - 2*l**2 + 11*l. What is the remainder when q(-33) is divided by 21?
18
Let l(v) = -2*v**3 - 10*v**2 - 9*v - 1. Let b be